{"id":612,"date":"2016-03-07T03:11:04","date_gmt":"2016-03-07T03:11:04","guid":{"rendered":"https:\/\/themesgavias.com\/wp\/kunco\/?page_id=612"},"modified":"2019-02-08T15:24:52","modified_gmt":"2019-02-08T14:24:52","slug":"about-page","status":"publish","type":"page","link":"https:\/\/www.badkoenig-stiftung.de\/?page_id=612","title":{"rendered":"\u00dcber uns"},"content":{"rendered":"<p>[vc_row isfullwidth=&#8220;0&#8243; css=&#8220;.vc_custom_1535616716867{background-position: 0 0 !important;background-repeat: repeat !important;}&#8220;][vc_column offset=&#8220;vc_col-lg-6 vc_col-md-6&#8243;][gva_block_heading title=&#8220;Bad K\u00f6nig Stiftung&#8220; style=&#8220;style-4&#8243; align=&#8220;align-left&#8220; subtitle=&#8220;Die soziale Zukunft sichern!&#8220;][\/gva_block_heading][vc_row_inner][vc_column_inner width=&#8220;1\/2&#8243; offset=&#8220;vc_col-xs-6&#8243;][gva_icon_box title=&#8220;Schlanke Strukturen&#8220; icon=&#8220;gv-icon-130&#8243; icon_position=&#8220;top-left-title&#8220; icon_width=&#8220;fa-2x&#8220; icon_border=&#8220;border-1&#8243; icon_radius=&#8220;radius-5x&#8220; hidden_desc=&#8220;true&#8220; icon_shadown=&#8220;true&#8220; icon_background=&#8220;#fff&#8220;][\/vc_column_inner][vc_column_inner width=&#8220;1\/2&#8243; offset=&#8220;vc_col-xs-6&#8243;][gva_icon_box title=&#8220;Innovativ&#8220; icon=&#8220;gv-icon-431&#8243; icon_position=&#8220;top-left-title&#8220; icon_width=&#8220;fa-2x&#8220; icon_border=&#8220;border-1&#8243; icon_radius=&#8220;radius-5x&#8220; hidden_desc=&#8220;true&#8220; icon_shadown=&#8220;true&#8220; icon_background=&#8220;#fff&#8220;][\/vc_column_inner][\/vc_row_inner][vc_row_inner][vc_column_inner width=&#8220;1\/2&#8243; offset=&#8220;vc_col-xs-6&#8243;][gva_icon_box title=&#8220;Flexibel&#8220; icon=&#8220;gv-icon-119&#8243; icon_position=&#8220;top-left-title&#8220; icon_width=&#8220;fa-2x&#8220; icon_border=&#8220;border-1&#8243; icon_radius=&#8220;radius-5x&#8220; hidden_desc=&#8220;true&#8220; icon_shadown=&#8220;true&#8220; icon_background=&#8220;#fff&#8220;][\/vc_column_inner][vc_column_inner width=&#8220;1\/2&#8243; offset=&#8220;vc_col-xs-6&#8243;][gva_icon_box title=&#8220;B\u00fcrgernah&#8220; icon=&#8220;gv-icon-433&#8243; icon_position=&#8220;top-left-title&#8220; icon_width=&#8220;fa-2x&#8220; icon_border=&#8220;border-1&#8243; icon_radius=&#8220;radius-5x&#8220; hidden_desc=&#8220;true&#8220; icon_shadown=&#8220;true&#8220; icon_background=&#8220;#fff&#8220;][\/vc_column_inner][\/vc_row_inner][vc_row_inner][vc_column_inner width=&#8220;1\/2&#8243; offset=&#8220;vc_col-xs-6&#8243;][gva_icon_box title=&#8220;sofort verf\u00fcgbares Kapital&#8220; icon=&#8220;gv-icon-995&#8243; icon_position=&#8220;top-left-title&#8220; icon_width=&#8220;fa-2x&#8220; icon_border=&#8220;border-1&#8243; icon_radius=&#8220;radius-5x&#8220; hidden_desc=&#8220;true&#8220; icon_shadown=&#8220;true&#8220; icon_background=&#8220;#fff&#8220;][\/vc_column_inner][vc_column_inner width=&#8220;1\/2&#8243; offset=&#8220;vc_col-xs-6&#8243;][gva_icon_box title=&#8220;Transparent&#8220; icon=&#8220;gv-icon-41&#8243; icon_position=&#8220;top-left-title&#8220; icon_width=&#8220;fa-2x&#8220; icon_border=&#8220;border-1&#8243; icon_radius=&#8220;radius-5x&#8220; hidden_desc=&#8220;true&#8220; icon_shadown=&#8220;true&#8220; icon_background=&#8220;#fff&#8220;][\/vc_column_inner][\/vc_row_inner][\/vc_column][vc_column offset=&#8220;vc_col-lg-6 vc_col-md-6&#8243;][vc_single_image image=&#8220;4283&#8243; img_size=&#8220;full&#8220; alignment=&#8220;center&#8220;][\/vc_column][\/vc_row][vc_row row_space=&#8220;padding-small&#8220; css=&#8220;.vc_custom_1535617858773{padding-top: 40px !important;background-color: #f5f6fa !important;}&#8220;][vc_column width=&#8220;1\/2&#8243;][vc_single_image image=&#8220;4382&#8243; img_size=&#8220;full&#8220;][\/vc_column][vc_column width=&#8220;1\/2&#8243;][gva_block_heading title=&#8220;Die Stiftung&#8220; style=&#8220;style-2&#8243; align=&#8220;align-left&#8220;]Die Bad K\u00f6nig Stiftung &#8211; Gemeinn\u00fctzige Gesellschaft mbH ist eine rechtsf\u00e4hige gGmbH gem\u00e4\u00df des GmbH-Gesetzes.<\/p>\n<p>Die Gesellschaft verfolgt ausschlie\u00dflich und unmittelbar gemeinn\u00fctzige und mildt\u00e4tige Zwecke.<\/p>\n<p>Gegenstand des Unternehmens ist die F\u00f6rderung von gemeinn\u00fctzigen Projekten in den Bereichen Jugend- und Altenhilfe, Erziehung, Volks- und Berufsbildung, Kunst und Kultur, Natur- und Heimatpflege, Sport, V\u00f6lkerverst\u00e4ndigung sowie die F\u00f6rderung des b\u00fcrgerschaftlichen Engagements zugunsten gemeinn\u00fctziger Zwecke.<\/p>\n<p>Der Gesellschaftszweck wird verwirklicht durch die Unterst\u00fctzung von Einrichtungen und Vereinen, die die vorgenannten Zwecke f\u00f6rdern und verfolgen sowie der F\u00f6rderung von Veranstaltungen und Projekten im Bereich Sport, Kunst und Kultur. Au\u00dferdem vergeben wir Beihilfen oder \u00e4hnliche Zuwendungen zur F\u00f6rderung der Aus- und Fortbildung.[\/gva_block_heading][\/vc_column][\/vc_row][vc_row isfullwidth=&#8220;0&#8243; css=&#8220;.vc_custom_1534492297757{background-position: 0 0 !important;background-repeat: repeat !important;}&#8220;][vc_column offset=&#8220;vc_col-lg-6 vc_col-md-6&#8243;][vc_row_inner][vc_column_inner][gva_block_heading title=&#8220;Was wir machen!&#8220; style=&#8220;style-2&#8243; align=&#8220;align-left&#8220; subtitle=&#8220;Unsere Aufgaben&#8220;][\/gva_block_heading][\/vc_column_inner][\/vc_row_inner][vc_row_inner][vc_column_inner width=&#8220;1\/2&#8243; offset=&#8220;vc_col-xs-6&#8243;][gva_icon_box title=&#8220;Informieren&#8220; icon=&#8220;gv-icon-1015&#8243; description=&#8220;Wir Informieren und unterst\u00fctzen Vereine bei der Organisierung von Projekten die der Allgemeinheit der Bad K\u00f6niger B\u00fcrger dienen.&#8220; icon_position=&#8220;top-left-title&#8220; icon_width=&#8220;fa-2x&#8220; icon_radius=&#8220;radius-5x&#8220; hidden_desc=&#8220;true&#8220; icon_shadown=&#8220;true&#8220; icon_background=&#8220;#fff&#8220;][\/vc_column_inner][vc_column_inner width=&#8220;1\/2&#8243; offset=&#8220;vc_col-xs-6&#8243;][gva_icon_box title=&#8220;F\u00f6rdermittel beantragen&#8220; icon=&#8220;gv-icon-442&#8243; description=&#8220;Durch unsere Organisationsform sind wir in der Lage f\u00fcr Projekte F\u00f6rdermittel auf Landes- Bundes- und Eropaebene zu beantragen.&#8220; icon_position=&#8220;top-left-title&#8220; icon_width=&#8220;fa-2x&#8220; icon_radius=&#8220;radius-5x&#8220; hidden_desc=&#8220;true&#8220; icon_shadown=&#8220;true&#8220; icon_background=&#8220;#fff&#8220;][\/vc_column_inner][\/vc_row_inner][vc_row_inner][vc_column_inner width=&#8220;1\/2&#8243; offset=&#8220;vc_col-xs-6&#8243;][gva_icon_box title=&#8220;Unterst\u00fctzer generieren&#8220; icon=&#8220;gv-icon-433&#8243; description=&#8220;Durch unsere Pr\u00e4senz in Medien und Presse bieten Wir eine Plattform zur Generierung weiterer Unterst\u00fctzer.&#8220; icon_position=&#8220;top-left-title&#8220; icon_width=&#8220;fa-2x&#8220; icon_radius=&#8220;radius-5x&#8220; hidden_desc=&#8220;true&#8220; icon_shadown=&#8220;true&#8220; icon_background=&#8220;#fff&#8220;][\/vc_column_inner][vc_column_inner width=&#8220;1\/2&#8243; offset=&#8220;vc_col-xs-6&#8243;][gva_icon_box title=&#8220;Finanzmittel bereitstellen&#8220; icon=&#8220;gv-icon-1011&#8243; description=&#8220;Durch ein Budget aus Spendengeldern und F\u00f6rdermitteln k\u00f6nnen wir Projekte auch finanziell unterst\u00fctzen.&#8220; icon_position=&#8220;top-left-title&#8220; icon_width=&#8220;fa-2x&#8220; icon_radius=&#8220;radius-5x&#8220; hidden_desc=&#8220;true&#8220; icon_shadown=&#8220;true&#8220; icon_background=&#8220;#fff&#8220;][\/vc_column_inner][\/vc_row_inner][\/vc_column][vc_column offset=&#8220;vc_col-lg-6 vc_col-md-6&#8243;][vc_single_image image=&#8220;4310&#8243; img_size=&#8220;full&#8220; alignment=&#8220;center&#8220;][\/vc_column][\/vc_row]<\/p>\n","protected":false},"excerpt":{"rendered":"<p>[vc_row isfullwidth=&#8220;0&#8243; css=&#8220;.vc_custom_1535616716867{background-position: 0 0 !important;background-repeat: repeat !important;}&#8220;][vc_column offset=&#8220;vc_col-lg-6 vc_col-md-6&#8243;][gva_block_heading title=&#8220;Bad K\u00f6nig Stiftung&#8220; style=&#8220;style-4&#8243; align=&#8220;align-left&#8220; subtitle=&#8220;Die soziale Zukunft sichern!&#8220;][\/gva_block_heading][vc_row_inner][vc_column_inner width=&#8220;1\/2&#8243; offset=&#8220;vc_col-xs-6&#8243;][gva_icon_box title=&#8220;Schlanke Strukturen&#8220; icon=&#8220;gv-icon-130&#8243; icon_position=&#8220;top-left-title&#8220; icon_width=&#8220;fa-2x&#8220; icon_border=&#8220;border-1&#8243; icon_radius=&#8220;radius-5x&#8220; hidden_desc=&#8220;true&#8220; icon_shadown=&#8220;true&#8220; icon_background=&#8220;#fff&#8220;][\/vc_column_inner][vc_column_inner width=&#8220;1\/2&#8243; offset=&#8220;vc_col-xs-6&#8243;][gva_icon_box title=&#8220;Innovativ&#8220; icon=&#8220;gv-icon-431&#8243; icon_position=&#8220;top-left-title&#8220; icon_width=&#8220;fa-2x&#8220; icon_border=&#8220;border-1&#8243; icon_radius=&#8220;radius-5x&#8220; hidden_desc=&#8220;true&#8220; icon_shadown=&#8220;true&#8220; icon_background=&#8220;#fff&#8220;][\/vc_column_inner][\/vc_row_inner][vc_row_inner][vc_column_inner width=&#8220;1\/2&#8243; offset=&#8220;vc_col-xs-6&#8243;][gva_icon_box title=&#8220;Flexibel&#8220; icon=&#8220;gv-icon-119&#8243; icon_position=&#8220;top-left-title&#8220; icon_width=&#8220;fa-2x&#8220; icon_border=&#8220;border-1&#8243; icon_radius=&#8220;radius-5x&#8220; hidden_desc=&#8220;true&#8220; icon_shadown=&#8220;true&#8220; icon_background=&#8220;#fff&#8220;][\/vc_column_inner][vc_column_inner width=&#8220;1\/2&#8243; offset=&#8220;vc_col-xs-6&#8243;][gva_icon_box [&hellip;]<\/p>\n","protected":false},"author":1,"featured_media":0,"parent":0,"menu_order":0,"comment_status":"closed","ping_status":"closed","template":"","meta":{"sharing_disabled":false,"spay_email":""},"_links":{"self":[{"href":"https:\/\/www.badkoenig-stiftung.de\/index.php?rest_route=\/wp\/v2\/pages\/612"}],"collection":[{"href":"https:\/\/www.badkoenig-stiftung.de\/index.php?rest_route=\/wp\/v2\/pages"}],"about":[{"href":"https:\/\/www.badkoenig-stiftung.de\/index.php?rest_route=\/wp\/v2\/types\/page"}],"author":[{"embeddable":true,"href":"https:\/\/www.badkoenig-stiftung.de\/index.php?rest_route=\/wp\/v2\/users\/1"}],"replies":[{"embeddable":true,"href":"https:\/\/www.badkoenig-stiftung.de\/index.php?rest_route=%2Fwp%2Fv2%2Fcomments&post=612"}],"version-history":[{"count":33,"href":"https:\/\/www.badkoenig-stiftung.de\/index.php?rest_route=\/wp\/v2\/pages\/612\/revisions"}],"predecessor-version":[{"id":4394,"href":"https:\/\/www.badkoenig-stiftung.de\/index.php?rest_route=\/wp\/v2\/pages\/612\/revisions\/4394"}],"wp:attachment":[{"href":"https:\/\/www.badkoenig-stiftung.de\/index.php?rest_route=%2Fwp%2Fv2%2Fmedia&parent=612"}],"curies":[{"name":"wp","href":"https:\/\/api.w.org\/{rel}","templated":true}]}}

Über uns

<p>[vc_row isfullwidth=&#8220;0&#8243; css=&#8220;.vc_custom_1535616716867{background-position: 0 0 !important;background-repeat: repeat !important;}&#8220;][vc_column offset=&#8220;vc_col-lg-6 vc_col-md-6&#8243;][gva_block_heading title=&#8220;Bad König Stiftung&#8220; style=&#8220;style-4&#8243; align=&#8220;align-left&#8220; subtitle=&#8220;Die soziale Zukunft sichern!&#8220;][/gva_block_heading][vc_row_inner][vc_column_inner width=&#8220;1/2&#8243; offset=&#8220;vc_col-xs-6&#8243;][gva_icon_box title=&#8220;Schlanke Strukturen&#8220; icon=&#8220;gv-icon-130&#8243; icon_position=&#8220;top-left-title&#8220; icon_width=&#8220;fa-2x&#8220; icon_border=&#8220;border-1&#8243; icon_radius=&#8220;radius-5x&#8220; hidden_desc=&#8220;true&#8220; icon_shadown=&#8220;true&#8220; icon_background=&#8220;#fff&#8220;][/vc_column_inner][vc_column_inner width=&#8220;1/2&#8243; offset=&#8220;vc_col-xs-6&#8243;][gva_icon_box title=&#8220;Innovativ&#8220; icon=&#8220;gv-icon-431&#8243; icon_position=&#8220;top-left-title&#8220; icon_width=&#8220;fa-2x&#8220; icon_border=&#8220;border-1&#8243; icon_radius=&#8220;radius-5x&#8220; hidden_desc=&#8220;true&#8220; icon_shadown=&#8220;true&#8220; icon_background=&#8220;#fff&#8220;][/vc_column_inner][/vc_row_inner][vc_row_inner][vc_column_inner width=&#8220;1/2&#8243; offset=&#8220;vc_col-xs-6&#8243;][gva_icon_box title=&#8220;Flexibel&#8220; icon=&#8220;gv-icon-119&#8243; icon_position=&#8220;top-left-title&#8220; icon_width=&#8220;fa-2x&#8220; icon_border=&#8220;border-1&#8243; icon_radius=&#8220;radius-5x&#8220; hidden_desc=&#8220;true&#8220; icon_shadown=&#8220;true&#8220; icon_background=&#8220;#fff&#8220;][/vc_column_inner][vc_column_inner width=&#8220;1/2&#8243; offset=&#8220;vc_col-xs-6&#8243;][gva_icon_box title=&#8220;Bürgernah&#8220; icon=&#8220;gv-icon-433&#8243; icon_position=&#8220;top-left-title&#8220; icon_width=&#8220;fa-2x&#8220; icon_border=&#8220;border-1&#8243; icon_radius=&#8220;radius-5x&#8220; hidden_desc=&#8220;true&#8220; icon_shadown=&#8220;true&#8220; icon_background=&#8220;#fff&#8220;][/vc_column_inner][/vc_row_inner][vc_row_inner][vc_column_inner width=&#8220;1/2&#8243; offset=&#8220;vc_col-xs-6&#8243;][gva_icon_box title=&#8220;sofort verfügbares Kapital&#8220; icon=&#8220;gv-icon-995&#8243; icon_position=&#8220;top-left-title&#8220; icon_width=&#8220;fa-2x&#8220; icon_border=&#8220;border-1&#8243; icon_radius=&#8220;radius-5x&#8220; hidden_desc=&#8220;true&#8220; icon_shadown=&#8220;true&#8220; icon_background=&#8220;#fff&#8220;][/vc_column_inner][vc_column_inner width=&#8220;1/2&#8243; offset=&#8220;vc_col-xs-6&#8243;][gva_icon_box title=&#8220;Transparent&#8220; icon=&#8220;gv-icon-41&#8243; icon_position=&#8220;top-left-title&#8220; icon_width=&#8220;fa-2x&#8220; icon_border=&#8220;border-1&#8243; icon_radius=&#8220;radius-5x&#8220; hidden_desc=&#8220;true&#8220; icon_shadown=&#8220;true&#8220; icon_background=&#8220;#fff&#8220;][/vc_column_inner][/vc_row_inner][/vc_column][vc_column offset=&#8220;vc_col-lg-6 vc_col-md-6&#8243;][vc_single_image image=&#8220;4283&#8243; img_size=&#8220;full&#8220; alignment=&#8220;center&#8220;][/vc_column][/vc_row][vc_row row_space=&#8220;padding-small&#8220; css=&#8220;.vc_custom_1535617858773{padding-top: 40px !important;background-color: #f5f6fa !important;}&#8220;][vc_column width=&#8220;1/2&#8243;][vc_single_image image=&#8220;4382&#8243; img_size=&#8220;full&#8220;][/vc_column][vc_column width=&#8220;1/2&#8243;][gva_block_heading title=&#8220;Die Stiftung&#8220; style=&#8220;style-2&#8243; align=&#8220;align-left&#8220;]Die Bad König Stiftung &#8211; Gemeinnützige Gesellschaft mbH ist eine rechtsfähige gGmbH gemäß des GmbH-Gesetzes.</p>
<p>Die Gesellschaft verfolgt ausschließlich und unmittelbar gemeinnützige und mildtätige Zwecke.</p>
<p>Gegenstand des Unternehmens ist die Förderung von gemeinnützigen Projekten in den Bereichen Jugend- und Altenhilfe, Erziehung, Volks- und Berufsbildung, Kunst und Kultur, Natur- und Heimatpflege, Sport, Völkerverständigung sowie die Förderung des bürgerschaftlichen Engagements zugunsten gemeinnütziger Zwecke.</p>
<p>Der Gesellschaftszweck wird verwirklicht durch die Unterstützung von Einrichtungen und Vereinen, die die vorgenannten Zwecke fördern und verfolgen sowie der Förderung von Veranstaltungen und Projekten im Bereich Sport, Kunst und Kultur. Außerdem vergeben wir Beihilfen oder ähnliche Zuwendungen zur Förderung der Aus- und Fortbildung.[/gva_block_heading][/vc_column][/vc_row][vc_row isfullwidth=&#8220;0&#8243; css=&#8220;.vc_custom_1534492297757{background-position: 0 0 !important;background-repeat: repeat !important;}&#8220;][vc_column offset=&#8220;vc_col-lg-6 vc_col-md-6&#8243;][vc_row_inner][vc_column_inner][gva_block_heading title=&#8220;Was wir machen!&#8220; style=&#8220;style-2&#8243; align=&#8220;align-left&#8220; subtitle=&#8220;Unsere Aufgaben&#8220;][/gva_block_heading][/vc_column_inner][/vc_row_inner][vc_row_inner][vc_column_inner width=&#8220;1/2&#8243; offset=&#8220;vc_col-xs-6&#8243;][gva_icon_box title=&#8220;Informieren&#8220; icon=&#8220;gv-icon-1015&#8243; description=&#8220;Wir Informieren und unterstützen Vereine bei der Organisierung von Projekten die der Allgemeinheit der Bad Königer Bürger dienen.&#8220; icon_position=&#8220;top-left-title&#8220; icon_width=&#8220;fa-2x&#8220; icon_radius=&#8220;radius-5x&#8220; hidden_desc=&#8220;true&#8220; icon_shadown=&#8220;true&#8220; icon_background=&#8220;#fff&#8220;][/vc_column_inner][vc_column_inner width=&#8220;1/2&#8243; offset=&#8220;vc_col-xs-6&#8243;][gva_icon_box title=&#8220;Fördermittel beantragen&#8220; icon=&#8220;gv-icon-442&#8243; description=&#8220;Durch unsere Organisationsform sind wir in der Lage für Projekte Fördermittel auf Landes- Bundes- und Eropaebene zu beantragen.&#8220; icon_position=&#8220;top-left-title&#8220; icon_width=&#8220;fa-2x&#8220; icon_radius=&#8220;radius-5x&#8220; hidden_desc=&#8220;true&#8220; icon_shadown=&#8220;true&#8220; icon_background=&#8220;#fff&#8220;][/vc_column_inner][/vc_row_inner][vc_row_inner][vc_column_inner width=&#8220;1/2&#8243; offset=&#8220;vc_col-xs-6&#8243;][gva_icon_box title=&#8220;Unterstützer generieren&#8220; icon=&#8220;gv-icon-433&#8243; description=&#8220;Durch unsere Präsenz in Medien und Presse bieten Wir eine Plattform zur Generierung weiterer Unterstützer.&#8220; icon_position=&#8220;top-left-title&#8220; icon_width=&#8220;fa-2x&#8220; icon_radius=&#8220;radius-5x&#8220; hidden_desc=&#8220;true&#8220; icon_shadown=&#8220;true&#8220; icon_background=&#8220;#fff&#8220;][/vc_column_inner][vc_column_inner width=&#8220;1/2&#8243; offset=&#8220;vc_col-xs-6&#8243;][gva_icon_box title=&#8220;Finanzmittel bereitstellen&#8220; icon=&#8220;gv-icon-1011&#8243; description=&#8220;Durch ein Budget aus Spendengeldern und Fördermitteln können wir Projekte auch finanziell unterstützen.&#8220; icon_position=&#8220;top-left-title&#8220; icon_width=&#8220;fa-2x&#8220; icon_radius=&#8220;radius-5x&#8220; hidden_desc=&#8220;true&#8220; icon_shadown=&#8220;true&#8220; icon_background=&#8220;#fff&#8220;][/vc_column_inner][/vc_row_inner][/vc_column][vc_column offset=&#8220;vc_col-lg-6 vc_col-md-6&#8243;][vc_single_image image=&#8220;4310&#8243; img_size=&#8220;full&#8220; alignment=&#8220;center&#8220;][/vc_column][/vc_row]</p>

<p>[vc_row isfullwidth=&#8220;0&#8243; css=&#8220;.vc_custom_1535616716867{background-position: 0 0 !important;background-repeat: repeat !important;}&#8220;][vc_column offset=&#8220;vc_col-lg-6 vc_col-md-6&#8243;][gva_block_heading title=&#8220;Bad König Stiftung&#8220; style=&#8220;style-4&#8243; align=&#8220;align-left&#8220; subtitle=&#8220;Die soziale Zukunft sichern!&#8220;][/gva_block_heading][vc_row_inner][vc_column_inner width=&#8220;1/2&#8243; offset=&#8220;vc_col-xs-6&#8243;][gva_icon_box title=&#8220;Schlanke Strukturen&#8220; icon=&#8220;gv-icon-130&#8243; icon_position=&#8220;top-left-title&#8220; icon_width=&#8220;fa-2x&#8220; icon_border=&#8220;border-1&#8243; icon_radius=&#8220;radius-5x&#8220; hidden_desc=&#8220;true&#8220; icon_shadown=&#8220;true&#8220; icon_background=&#8220;#fff&#8220;][/vc_column_inner][vc_column_inner width=&#8220;1/2&#8243; offset=&#8220;vc_col-xs-6&#8243;][gva_icon_box title=&#8220;Innovativ&#8220; icon=&#8220;gv-icon-431&#8243; icon_position=&#8220;top-left-title&#8220; icon_width=&#8220;fa-2x&#8220; icon_border=&#8220;border-1&#8243; icon_radius=&#8220;radius-5x&#8220; hidden_desc=&#8220;true&#8220; icon_shadown=&#8220;true&#8220; icon_background=&#8220;#fff&#8220;][/vc_column_inner][/vc_row_inner][vc_row_inner][vc_column_inner width=&#8220;1/2&#8243; offset=&#8220;vc_col-xs-6&#8243;][gva_icon_box title=&#8220;Flexibel&#8220; icon=&#8220;gv-icon-119&#8243; icon_position=&#8220;top-left-title&#8220; icon_width=&#8220;fa-2x&#8220; icon_border=&#8220;border-1&#8243; icon_radius=&#8220;radius-5x&#8220; hidden_desc=&#8220;true&#8220; icon_shadown=&#8220;true&#8220; icon_background=&#8220;#fff&#8220;][/vc_column_inner][vc_column_inner width=&#8220;1/2&#8243; offset=&#8220;vc_col-xs-6&#8243;][gva_icon_box [&hellip;]</p>
